10 and 60?
30
What is the greatest common divisor of 116100 and 4158702?
2322
What is the greatest common factor of 525052 and 4532?
44
Calculate the highest common divisor of 1785476 and 126852.
1364
Calculate the highest common divisor of 29087 and 276399.
29
What is the greatest common divisor of 1233769 and 39339?
31
Calculate the greatest common factor of 454804 and 37754.
878
What is the greatest common divisor of 365049 and 410310?
423
What is the highest common factor of 124614 and 98280?
126
Calculate the greatest common divisor of 7263 and 1643900157.
7263
Calculate the greatest common factor of 686 and 10762066.
98
What is the greatest common divisor of 11565 and 12008839?
257
Calculate the highest common divisor of 1912 and 2417246.
478
Calculate the greatest common factor of 952567 and 5621.
77
What is the greatest common divisor of 72703592 and 52?
52
Calculate the highest common divisor of 2614550 and 200.
50
What is the highest common factor of 39913902 and 133?
7
What is the greatest common factor of 2992 and 21430288?
176
What is the highest common divisor of 9379 and 21397151?
83
What is the greatest common factor of 4630 and 30527442?
926
Calculate the greatest common factor of 47985 and 485334.
1371
What is the greatest common divisor of 8216 and 25376?
104
What is the greatest common factor of 13976644 and 88?
44
What is the highest common factor of 76 and 494012?
4
Calculate the greatest common factor of 223384 and 7224.
56
What is the greatest common factor of 4 and 10342912?
4
Calculate the highest common divisor of 50 and 3616510.
10
What is the highest common factor of 467 and 80893740?
467
What is the highest common divisor of 385 and 389263?
7
What is the greatest common divisor of 51821679 and 351?
39
Calculate the highest common factor of 253510275 and 75.
75
Calculate the greatest common factor of 236 and 2099869.
59
What is the highest common factor of 6525861 and 5241333?
11469
What is the highest common factor of 703894420 and 40?
20
Calculate the highest common factor of 147 and 23042103.
147
What is the greatest common divisor of 1350 and 32470275?
75
What is the highest common divisor of 38 and 34504855?
19
Calculate the greatest common factor of 663 and 1132659.
51
What is the highest common divisor of 12054 and 743043?
861
Calculate the greatest common divisor of 1400 and 5197472.
56
What is the highest common factor of 435 and 11991964?
29
What is the greatest common divisor of 1573 and 106271?
11
What is the highest common factor of 585 and 974172225?
195
Calculate the greatest common factor of 8078 and 37198.
14
What is the highest common factor of 839362051 and 11?
11
Calculate the greatest common divisor of 1243 and 75581745.
113
Calculate the greatest common factor of 7423668 and 106533.
5607
Calculate the highest common divisor of 354071 and 202401.
523
Calculate the highest common factor of 2992 and 1049719264.
2992
What is the highest common factor of 18 and 7087302?
18
What is the highest common divisor of 2718 and 1441899?
1359
What is the highest common factor of 37697302 and 296?
74
Calculate the highest common factor of 234 and 1580067684.
234
Calculate the highest common divisor of 2463030 and 4010.
10
Calculate the highest common divisor of 518092690 and 127.
127
What is the highest common factor of 957 and 5512683?
33
Calculate the greatest common divisor of 1137760 and 3120.
1040
What is the greatest common factor of 795092 and 56736?
788
What is the highest common factor of 1804 and 3594921?
451
Calculate the highest common factor of 2808 and 10571704.
104
What is the highest common divisor of 19236864 and 161792?
2048
What is the greatest common divisor of 40743 and 45150789?
1509
Calculate the highest common factor of 138 and 132165291.
69
Calculate the greatest common divisor of 121825 and 132000.
275
What is the greatest common factor of 148515 and 11340?
15
What is the highest common divisor of 524 and 135664517?
131
What is the highest common factor of 3884 and 299157332?
3884
Calculate the highest common divisor of 98198685 and 180.
45
Calculate the greatest common factor of 3630 and 32182370.
1210
What is the highest common factor of 472 and 555356616?
472
Calculate the greatest common factor of 23870 and 3206.
14
Calculate the greatest common factor of 7498021 and 82477.
1231
Calculate the highest common factor of 87137373 and 174.
87
Calculate the greatest common divisor of 60600 and 410370.
30
What is the highest common factor of 20422016 and 624?
16
What is the highest common divisor of 228586446 and 242?
22
Calculate the greatest common divisor of 2555 and 75698445.
365
What is the highest common factor of 768 and 24216?
24
What is the greatest common factor of 533210 and 423870?
710
What is the highest common divisor of 36896 and 64?
32
What is the highest common factor of 250470494 and 278?
278
What is the greatest common divisor of 1299 and 18803891?
433
What is the greatest common factor of 25146 and 114510?
66
Calculate the highest common divisor of 411606 and 666.
18
Calculate the highest common divisor of 2907 and 12209723.
323
What is the greatest common factor of 68708832 and 8704?
544
Calculate the highest common factor of 4 and 15360488.
4
What is the greatest common factor of 14595236 and 841?
29
Calculate the greatest common divisor of 164664 and 8280.
72
What is the highest common factor of 24 and 12450616?
8
Calculate the greatest common divisor of 938 and 2149427.
469
What is the greatest common divisor of 46777275 and 5?
5
Calculate the greatest common factor of 2241 and 4583094.
249
What is the highest common divisor of 14937 and 397110103?
4979
Calculate the greatest common divisor of 8679299 and 417.
139
Calculate the greatest common divisor of 204834 and 3318.
42
What is the highest common factor of 527248 and 34?
2
What is the highest common factor of 1023984 and 4836?
156
Calculate the highest common factor of 522 and 17253018.
18
What is the highest common divisor of 17549 and 335685?
161
Calculate the greatest common divisor of 26172 and 6420.
12
What is the greatest common divisor of 277152 and 131808?
96
What is the highest common divisor of 3005691 and 117?
39
What is the greatest common divisor of 208 and 1372112?
16
What is the highest common factor of 1774319 and 44678?
251
What is the greatest common divisor of 148619037 and 20964?
5241
What is the highest common factor of 2709045 and 20250?
405
What is the greatest common divisor of 4088 and 115136?
56
What is the greatest common factor of 936510 and 228315?
465
Calculate the greatest common divisor of 1035 and 399096.
207
Calculate the greatest common factor of 999 and 172317843.
333
What is the greatest common factor of 6888 and 1963360?
56
What is the highest common factor of 5854172 and 24852?
436
Calculate the highest common factor of 264448 and 246887.
1033
What is the greatest common factor of 493 and 287158?
29
Calculate the greatest common divisor of 31578701 and 4186.
161
Calculate the highest common factor of 12 and 155934408.
12
What is the highest common factor of 10132 and 1152664?
596
What is the greatest common factor of 1652900 and 19700?
100
What is the highest common factor of 999 and 2200959?
27
What is the highest common divisor of 30564 and 16562292?
3396
Calculate the greatest common divisor of 1275335296 and 64.
64
Calculate the greatest common divisor of 275852319 and 102.
51
What is the highest common factor of 1346202 and 2288?
286
Calculate the greatest common factor of 407 and 861841.
37
What is the greatest common divisor of 52 and 42625778?
26
Calculate the greatest common divisor of 1363 and 1454031.
29
What is the highest common factor of 144522721 and 133?
133
What is the highest common divisor of 117944 and 1502544?
184
What is the highest common divisor of 12107338 and 23?
23
What is the highest common factor of 6503029 and 832?
13
Calculate the greatest common divisor of 106 and 114903682.
106
Calculate the highest common divisor of 144 and 10435328.
16
What is the highest common factor of 60813 and 393?
3
Calculate the highest common divisor of 51903 and 1116243.
657
Calculate the greatest common divisor of 197366 and 26.
26
Calculate the highest c